{"id":876,"date":"2026-04-16T13:26:32","date_gmt":"2026-04-16T16:26:32","guid":{"rendered":"https:\/\/www.rosilia.com.ar\/?post_type=product&#038;p=876"},"modified":"2026-04-16T20:14:12","modified_gmt":"2026-04-16T23:14:12","slug":"miercoles-13-de-mayo-horario-15-a-18hs-workshop-de-patchwork-creativo","status":"publish","type":"product","link":"https:\/\/www.rosilia.com.ar\/index.php\/producto\/miercoles-13-de-mayo-horario-15-a-18hs-workshop-de-patchwork-creativo\/","title":{"rendered":"a. Miercoles 13 de Mayo &#8211; Horario 15 a 18hs &#8211; Workshop de Patchwork Creativo"},"content":{"rendered":"<p><strong>Workshop de Patchwork Creativo\u00a0<\/strong><\/p>\n<p><strong>Lugar<\/strong>: Federico Lacroze 3340, entre Delgado y Martinez a una cuadra de Alvarez Thomas, en el barrio de Colegiales, CABA, Argentina.<\/p>\n<p><strong>Duraci\u00f3n<\/strong>: 3 horas.<\/p>\n<p><strong>D\u00eda:<\/strong> Miercoles 13 de Mayo<\/p>\n<p><strong>Horario:<\/strong> Turno Tarde de 15 a 18hs<\/p>\n<p>&nbsp;<\/p>\n<p>Un encuentro para crear, conectar y disfrutar del hacer con las manos.<\/p>\n<p>Durante 3 horas, en un grupo reducido, cada participante trabajar\u00e1 con su propia m\u00e1quina de coser para dar vida a un portacosm\u00e9ticos \u00fanico.<\/p>\n<p>Vas a aprender a seleccionar telas y combinar colores, explorando tu propio estilo. Pod\u00e9s traer corbatas de alg\u00fan familiar querido para integrarlas a tu pieza, sumando historia y emoci\u00f3n a lo que crees. Tambi\u00e9n vas a aprender a colocar cierres y realizar la forrer\u00eda, incorporando t\u00e9cnicas que despu\u00e9s vas a poder seguir usando en otros proyectos.<\/p>\n<p>Adem\u00e1s de aprender, es un espacio para compartir, inspirarte y disfrutar junto a otras mujeres que tambi\u00e9n eligen regalarse este momento.<\/p>\n<p>Te vas con tu producto terminado y con nuevas herramientas para seguir creando.<\/p>\n<p><strong>Requisito<\/strong>: Contar con conocimientos b\u00e1sicos de costura o manejo de m\u00e1quina de coser.<\/p>\n<p>Si te queda alguna duda, por favor, enviame un mensaje a 1149482666<\/p>\n","protected":false},"excerpt":{"rendered":"<p>&nbsp;<\/p>\n<p>&nbsp;<\/p>\n","protected":false},"featured_media":873,"template":"","meta":[],"product_brand":[],"product_cat":[48],"product_tag":[],"class_list":{"0":"post-876","1":"product","2":"type-product","3":"status-publish","4":"has-post-thumbnail","6":"product_cat-workshops","8":"first","9":"instock","10":"shipping-taxable","11":"purchasable","12":"product-type-simple"},"_links":{"self":[{"href":"https:\/\/www.rosilia.com.ar\/index.php\/wp-json\/wp\/v2\/product\/876","targetHints":{"allow":["GET"]}}],"collection":[{"href":"https:\/\/www.rosilia.com.ar\/index.php\/wp-json\/wp\/v2\/product"}],"about":[{"href":"https:\/\/www.rosilia.com.ar\/index.php\/wp-json\/wp\/v2\/types\/product"}],"wp:featuredmedia":[{"embeddable":true,"href":"https:\/\/www.rosilia.com.ar\/index.php\/wp-json\/wp\/v2\/media\/873"}],"wp:attachment":[{"href":"https:\/\/www.rosilia.com.ar\/index.php\/wp-json\/wp\/v2\/media?parent=876"}],"wp:term":[{"taxonomy":"product_brand","embeddable":true,"href":"https:\/\/www.rosilia.com.ar\/index.php\/wp-json\/wp\/v2\/product_brand?post=876"},{"taxonomy":"product_cat","embeddable":true,"href":"https:\/\/www.rosilia.com.ar\/index.php\/wp-json\/wp\/v2\/product_cat?post=876"},{"taxonomy":"product_tag","embeddable":true,"href":"https:\/\/www.rosilia.com.ar\/index.php\/wp-json\/wp\/v2\/product_tag?post=876"}],"curies":[{"name":"wp","href":"https:\/\/api.w.org\/{rel}","templated":true}]}}