{"id":847,"date":"2026-03-30T20:59:34","date_gmt":"2026-03-30T23:59:34","guid":{"rendered":"https:\/\/www.rosilia.com.ar\/?post_type=product&#038;p=847"},"modified":"2026-03-31T11:42:21","modified_gmt":"2026-03-31T14:42:21","slug":"bandolera-casita-andante","status":"publish","type":"product","link":"https:\/\/www.rosilia.com.ar\/index.php\/producto\/bandolera-casita-andante\/","title":{"rendered":"Bandolera Casita Andante"},"content":{"rendered":"","protected":false},"excerpt":{"rendered":"<p>Siguiendo con la linea de Casitas, inspirada en las caba\u00f1as de Heidi, mi primer cuento, favorito&#8230;<\/p>\n<p>Les traigo esta propuesta de Bandolera, super resistente, con toda la ternura de una casita andante. Cierre en el (techito) que es el bolsillo delantero, cierre verde y por dentro tiene un interior hermoso con un bolsillo m\u00e1s peque\u00f1o tambi\u00e9n con cierre.<\/p>\n<p>Detalles hechos a mano, tambi\u00e9n collage textil y bordado de \u00abflores\u00bb a mano, incorporando botones antiguos. Hecho con mucho amor y dedicaci\u00f3n.<\/p>\n<p>La correa es de algod\u00f3n, regulable.<\/p>\n<p>Parte de atr\u00e1s con tela de tapiceria. \u00fanica, diferentes todas&#8230;<\/p>\n<p>&nbsp;<\/p>\n","protected":false},"featured_media":855,"template":"","meta":[],"product_brand":[],"product_cat":[47],"product_tag":[],"class_list":{"0":"post-847","1":"product","2":"type-product","3":"status-publish","4":"has-post-thumbnail","6":"product_cat-bandolera","8":"first","9":"instock","10":"shipping-taxable","11":"purchasable","12":"product-type-simple"},"_links":{"self":[{"href":"https:\/\/www.rosilia.com.ar\/index.php\/wp-json\/wp\/v2\/product\/847","targetHints":{"allow":["GET"]}}],"collection":[{"href":"https:\/\/www.rosilia.com.ar\/index.php\/wp-json\/wp\/v2\/product"}],"about":[{"href":"https:\/\/www.rosilia.com.ar\/index.php\/wp-json\/wp\/v2\/types\/product"}],"wp:featuredmedia":[{"embeddable":true,"href":"https:\/\/www.rosilia.com.ar\/index.php\/wp-json\/wp\/v2\/media\/855"}],"wp:attachment":[{"href":"https:\/\/www.rosilia.com.ar\/index.php\/wp-json\/wp\/v2\/media?parent=847"}],"wp:term":[{"taxonomy":"product_brand","embeddable":true,"href":"https:\/\/www.rosilia.com.ar\/index.php\/wp-json\/wp\/v2\/product_brand?post=847"},{"taxonomy":"product_cat","embeddable":true,"href":"https:\/\/www.rosilia.com.ar\/index.php\/wp-json\/wp\/v2\/product_cat?post=847"},{"taxonomy":"product_tag","embeddable":true,"href":"https:\/\/www.rosilia.com.ar\/index.php\/wp-json\/wp\/v2\/product_tag?post=847"}],"curies":[{"name":"wp","href":"https:\/\/api.w.org\/{rel}","templated":true}]}}